{"id":7,"date":"2018-05-25T04:39:02","date_gmt":"2018-05-25T04:39:02","guid":{"rendered":"http:\/\/multipurpose.loc\/hotel\/?page_id=7"},"modified":"2026-03-18T01:06:04","modified_gmt":"2026-03-17T22:06:04","slug":"front-page","status":"publish","type":"page","link":"https:\/\/www.cagdassuit.com\/site\/","title":{"rendered":"Front page"},"content":{"rendered":"<p>[vc_row full_width=&#8221;stretch_row&#8221; shadow_x_offset=&#8221;0&#8243; shadow_y_offset=&#8221;0&#8243; shadow_blur=&#8221;0&#8243; shadow_spread=&#8221;0&#8243; shadow_color=&#8221;&#8221; el_class=&#8221;overlap&#8221;][vc_column shadow_x_offset=&#8221;0&#8243; shadow_y_offset=&#8221;0&#8243; shadow_blur=&#8221;0&#8243; shadow_spread=&#8221;0&#8243; offset=&#8221;vc_col-lg-offset-1 vc_col-lg-10 vc_col-md-offset-1 vc_col-md-10 vc_col-xs-12&#8243;][rev_slider_vc alias=&#8221;home&#8221;][\/vc_column][\/vc_row][vc_section css=&#8221;.vc_custom_1538719318483{margin-top: -35px !important;background-image: url(https:\/\/www.cagdassuit.com\/site\/wp-content\/uploads\/2018\/10\/pat2.png?id=1308) !important;}&#8221; el_class=&#8221;fixed_bg&#8221;][vc_row][vc_column][stm_spacer height=&#8221;0&#8243; height_tablet=&#8221;0&#8243; height_mobile=&#8221;50&#8243;][\/vc_column][\/vc_row][\/vc_section][vc_section css=&#8221;.vc_custom_1537869517070{padding-top: 0px !important;}&#8221;][vc_row full_width=&#8221;stretch_row&#8221; shadow_x_offset=&#8221;0&#8243; shadow_y_offset=&#8221;0&#8243; shadow_blur=&#8221;0&#8243; shadow_spread=&#8221;0&#8243; shadow_color=&#8221;&#8221; css=&#8221;.vc_custom_1537868599538{background-color: #3a3138 !important;}&#8221;][vc_column][stm_spacer height=&#8221;493&#8243;][\/vc_column][\/vc_row][vc_row full_width=&#8221;stretch_row&#8221; shadow_x_offset=&#8221;0&#8243; shadow_y_offset=&#8221;0&#8243; shadow_blur=&#8221;0&#8243; shadow_spread=&#8221;0&#8243; shadow_color=&#8221;&#8221; css=&#8221;.vc_custom_1538719455163{padding-bottom: 34px !important;background-image: url(https:\/\/www.cagdassuit.com\/site\/wp-content\/uploads\/2018\/10\/pat2.png?id=1308) !important;background-position: 0 0 !important;background-repeat: repeat !important;}&#8221; el_class=&#8221;fixed_bg&#8221;][vc_column shadow_x_offset=&#8221;0&#8243; shadow_y_offset=&#8221;0&#8243; shadow_blur=&#8221;0&#8243; shadow_spread=&#8221;0&#8243; shadow_color=&#8221;&#8221; css=&#8221;.vc_custom_1538651803192{margin-top: -440px !important;}&#8221;][vc_icon icon_fontawesome=&#8221;stmicon-haircut&#8221; color=&#8221;white&#8221; align=&#8221;center&#8221; css=&#8221;.vc_custom_1538651827994{margin-bottom: 10px !important;}&#8221;][vc_column_text css=&#8221;.vc_custom_1657099112170{margin-bottom: 21px !important;}&#8221;]<\/p>\n<h2 style=\"text-align: center;\"><span style=\"color: #ffffff;\">Odalar\u0131m\u0131z <span style=\"font-family: '\u00c7a\u011fda\u015f';\">&amp;<\/span> \u00c7a\u011fda\u015fSuit<\/span><\/h2>\n<p>[\/vc_column_text][stm_wp_hotelier_rooms_list per_page=&#8221;8&#8243; custom_class=&#8221;white_nav&#8221;][\/vc_column][\/vc_row][\/vc_section][vc_section full_width=&#8221;stretch_row&#8221; css=&#8221;.vc_custom_1537940429032{padding-top: 0px !important;background-color: #3a3138 !important;}&#8221;][vc_row full_width=&#8221;stretch_row&#8221; shadow_x_offset=&#8221;0&#8243; shadow_y_offset=&#8221;0&#8243; shadow_blur=&#8221;0&#8243; shadow_spread=&#8221;0&#8243; shadow_color=&#8221;&#8221; css=&#8221;.vc_custom_1537940056087{background-position: 0 0 !important;background-repeat: repeat !important;}&#8221;][vc_column width=&#8221;1\/4&#8243; shadow_x_offset=&#8221;0&#8243; shadow_y_offset=&#8221;0&#8243; shadow_blur=&#8221;0&#8243; shadow_spread=&#8221;0&#8243; shadow_color=&#8221;&#8221;][\/vc_column][vc_column width=&#8221;1\/2&#8243;][stm_spacer height=&#8221;118&#8243; height_tablet=&#8221;100&#8243; height_mobile=&#8221;100&#8243;][vc_custom_heading text=&#8221;Galeri&#8221; font_container=&#8221;tag:h2|text_align:center|color:%23ffffff&#8221; use_theme_fonts=&#8221;yes&#8221; heading_icon=&#8221;stmicon-haircut&#8221; heading_icon_color=&#8221;mtc&#8221; css=&#8221;.vc_custom_1657092605399{margin-bottom: 45px !important;}&#8221;][\/vc_column][vc_column width=&#8221;1\/4&#8243;][\/vc_column][\/vc_row][vc_row][vc_column][stm_carousel_gallery images_effect=&#8221;0&#8243; lightgallery=&#8221;disable&#8221; images_margin=&#8221;30&#8243; autoscroll=&#8221;disable&#8221; thumbnails=&#8221;disable&#8221; visibility=&#8221;enable&#8221; description=&#8221;disable&#8221; images=&#8221;1828,1815,1817,1794,1781,1780,1777,1778,1758,1761,1749&#8243; image_size=&#8221;1170&#215;660&#8243;][\/vc_column][\/vc_row][\/vc_section][vc_section css=&#8221;.vc_custom_1537946414736{margin-bottom: -60px !important;padding-top: 0px !important;}&#8221;][vc_row full_width=&#8221;stretch_row&#8221; shadow_x_offset=&#8221;0&#8243; shadow_y_offset=&#8221;0&#8243; shadow_blur=&#8221;0&#8243; shadow_spread=&#8221;0&#8243; shadow_color=&#8221;&#8221; css=&#8221;.vc_custom_1538728691281{background-image: url(https:\/\/www.cagdassuit.com\/site\/wp-content\/uploads\/2018\/10\/parallax-1.jpg?id=1259) !important;}&#8221; el_class=&#8221;fixed_bg&#8221;][vc_column css_animation=&#8221;none&#8221; shadow_x_offset=&#8221;0&#8243; shadow_y_offset=&#8221;0&#8243; shadow_blur=&#8221;0&#8243; shadow_spread=&#8221;0&#8243; shadow_color=&#8221;&#8221; offset=&#8221;vc_col-lg-offset-2 vc_col-lg-8 vc_col-md-offset-2 vc_col-md-8 vc_col-xs-12&#8243;][stm_spacer height=&#8221;188&#8243; height_tablet=&#8221;120&#8243; height_mobile=&#8221;110&#8243;][vc_custom_heading text=&#8221;Rezervasyonlar\u0131n\u0131z \u0130\u00e7in Hemen \u0130leti\u015fime Ge\u00e7ebilirsiniz&#8221; font_container=&#8221;tag:h4|font_size:40|text_align:center|color:%23ffffff|line_height:60px&#8221; use_theme_fonts=&#8221;yes&#8221; heading_icon=&#8221;stmicon-haircut&#8221; heading_icon_color=&#8221;custom&#8221; heading_icon_custom_color=&#8221;#ffffff&#8221; css=&#8221;.vc_custom_1657092676190{margin-top: 10px !important;margin-bottom: 40px !important;}&#8221;][vc_column_text css=&#8221;.vc_custom_1657092735416{margin-bottom: 61px !important;}&#8221;]<\/p>\n<p style=\"text-align: center;\"><span style=\"color: #ffffff;\">\u0130\u015eLETMEM\u0130Z KONUM \u0130T\u0130BAR\u0130YLE BURSA&#8217;NIN KALB\u0130, KENT MEYDANINDADIR. <\/span><\/p>\n<p>[\/vc_column_text][stm_button button_style=&#8221;outline&#8221; button_pos=&#8221;center&#8221; button_border_color_hover=&#8221;#fdb14f&#8221; button_bg_color_hover=&#8221;#fdb14f&#8221; button_text_color=&#8221;#ffffff&#8221; button_text_color_hover=&#8221;#ffffff&#8221; link=&#8221;url:tel%3A%2F%2F0531%20725%2000%2016|title:Rezervasyon%20Hatt%C4%B1&#8243;][stm_spacer height=&#8221;142&#8243; height_tablet=&#8221;130&#8243; height_mobile=&#8221;70&#8243;][\/vc_column][\/vc_row][\/vc_section]<\/p>\n","protected":false},"excerpt":{"rendered":"<p>[vc_row full_width=&#8221;stretch_row&#8221; shadow_x_offset=&#8221;0&#8243; shadow_y_offset=&#8221;0&#8243; shadow_blur=&#8221;0&#8243; shadow_spread=&#8221;0&#8243; shadow_color=&#8221;&#8221; el_class=&#8221;overlap&#8221;][vc_column shadow_x_offset=&#8221;0&#8243; shadow_y_offset=&#8221;0&#8243; shadow_blur=&#8221;0&#8243; shadow_spread=&#8221;0&#8243; offset=&#8221;vc_col-lg-offset-1 vc_col-lg-10 vc_col-md-offset-1 vc_col-md-10 vc_col-xs-12&#8243;][rev_slider_vc alias=&#8221;home&#8221;][\/vc_column][\/vc_row][vc_section css=&#8221;.vc_custom_1538719318483{margin-top: -35px !important;background-image: url(https:\/\/www.cagdassuit.com\/site\/wp-content\/uploads\/2018\/10\/pat2.png?id=1308) !important;}&#8221; el_class=&#8221;fixed_bg&#8221;][vc_row][vc_column][stm_spacer height=&#8221;0&#8243; height_tablet=&#8221;0&#8243; height_mobile=&#8221;50&#8243;][\/vc_column][\/vc_row][\/vc_section][vc_section css=&#8221;.vc_custom_1537869517070{padding-top: 0px !important;}&#8221;][vc_row full_width=&#8221;stretch_row&#8221; shadow_x_offset=&#8221;0&#8243; shadow_y_offset=&#8221;0&#8243; shadow_blur=&#8221;0&#8243; shadow_spread=&#8221;0&#8243; shadow_color=&#8221;&#8221; css=&#8221;.vc_custom_1537868599538{background-color: #3a3138 !important;}&#8221;][vc_column][stm_spacer height=&#8221;493&#8243;][\/vc_column][\/vc_row][vc_row full_width=&#8221;stretch_row&#8221; shadow_x_offset=&#8221;0&#8243; shadow_y_offset=&#8221;0&#8243; shadow_blur=&#8221;0&#8243; shadow_spread=&#8221;0&#8243; shadow_color=&#8221;&#8221; css=&#8221;.vc_custom_1538719455163{padding-bottom: 34px !important;background-image: url(https:\/\/www.cagdassuit.com\/site\/wp-content\/uploads\/2018\/10\/pat2.png?id=1308) !important;background-position: 0 0 !important;background-repeat: repeat [&hellip;]<\/p>\n","protected":false},"author":1,"featured_media":0,"parent":0,"menu_order":0,"comment_status":"closed","ping_status":"closed","template":"","meta":[],"_links":{"self":[{"href":"https:\/\/www.cagdassuit.com\/site\/wp-json\/wp\/v2\/pages\/7"}],"collection":[{"href":"https:\/\/www.cagdassuit.com\/site\/wp-json\/wp\/v2\/pages"}],"about":[{"href":"https:\/\/www.cagdassuit.com\/site\/wp-json\/wp\/v2\/types\/page"}],"author":[{"embeddable":true,"href":"https:\/\/www.cagdassuit.com\/site\/wp-json\/wp\/v2\/users\/1"}],"replies":[{"embeddable":true,"href":"https:\/\/www.cagdassuit.com\/site\/wp-json\/wp\/v2\/comments?post=7"}],"version-history":[{"count":18,"href":"https:\/\/www.cagdassuit.com\/site\/wp-json\/wp\/v2\/pages\/7\/revisions"}],"predecessor-version":[{"id":1831,"href":"https:\/\/www.cagdassuit.com\/site\/wp-json\/wp\/v2\/pages\/7\/revisions\/1831"}],"wp:attachment":[{"href":"https:\/\/www.cagdassuit.com\/site\/wp-json\/wp\/v2\/media?parent=7"}],"curies":[{"name":"wp","href":"https:\/\/api.w.org\/{rel}","templated":true}]}}